f 3624 and 19479.
453
What is the highest common factor of 187 and 23111?
11
Calculate the highest common divisor of 153998 and 26.
26
What is the greatest common factor of 4522 and 2618?
238
What is the highest common factor of 2944 and 66688?
128
What is the greatest common factor of 322275 and 60?
15
Calculate the highest common divisor of 82 and 324679.
41
Calculate the highest common divisor of 112 and 110528.
16
Calculate the highest common factor of 3904 and 3008.
64
What is the highest common factor of 1 and 53197?
1
Calculate the highest common divisor of 949 and 69569.
73
Calculate the greatest common divisor of 8580 and 53910.
30
What is the highest common factor of 486 and 273006?
18
What is the highest common factor of 845 and 20618?
169
Calculate the greatest common divisor of 1025 and 1625.
25
Calculate the highest common divisor of 5167305 and 45.
45
Calculate the greatest common factor of 439023 and 117.
39
Calculate the greatest common factor of 230 and 44390.
230
Calculate the highest common factor of 62700 and 57.
57
Calculate the highest common divisor of 138 and 338054.
46
Calculate the greatest common factor of 2227 and 2489.
131
What is the highest common factor of 5942 and 22?
2
What is the greatest common divisor of 42 and 82677?
21
What is the highest common divisor of 90623 and 13?
13
Calculate the highest common factor of 6 and 961362.
6
Calculate the greatest common factor of 1 and 28867.
1
Calculate the highest common divisor of 42973 and 1043.
7
What is the greatest common factor of 41427 and 18?
9
What is the greatest common factor of 11034 and 288?
18
Calculate the highest common factor of 29769 and 6.
3
What is the highest common factor of 1556988 and 6?
6
What is the greatest common factor of 265753 and 2698?
1349
What is the greatest common divisor of 1843 and 361?
19
Calculate the highest common divisor of 72 and 496728.
72
Calculate the highest common divisor of 1612623 and 339.
339
Calculate the highest common factor of 81 and 7149.
3
What is the greatest common factor of 154889 and 319?
29
Calculate the greatest common factor of 164979 and 1594.
797
Calculate the greatest common factor of 4853 and 3376.
211
Calculate the greatest common factor of 412 and 86417.
103
What is the highest common divisor of 172308 and 780?
12
Calculate the highest common factor of 3170550 and 300.
150
What is the highest common divisor of 3039231 and 39?
39
What is the highest common factor of 1050 and 373050?
150
Calculate the highest common factor of 90489 and 93.
93
What is the highest common factor of 424 and 122112?
424
What is the greatest common factor of 14816 and 3616?
32
Calculate the highest common factor of 75016 and 56.
8
What is the highest common factor of 2688 and 251776?
896
What is the greatest common divisor of 18 and 28502?
2
What is the highest common divisor of 111 and 19499?
37
What is the highest common factor of 232908 and 624?
156
Calculate the highest common divisor of 9956 and 472.
4
What is the greatest common factor of 246419 and 248?
31
Calculate the highest common divisor of 92144 and 21632.
208
What is the greatest common factor of 1937792 and 768?
128
Calculate the greatest common divisor of 242 and 1311277.
121
What is the greatest common divisor of 27 and 15737247?
27
Calculate the highest common factor of 1736 and 1303240.
248
What is the greatest common divisor of 335 and 11189?
67
Calculate the highest common divisor of 4 and 443592.
4
What is the highest common divisor of 499162 and 1992?
166
Calculate the highest common divisor of 50024 and 592.
296
Calculate the highest common factor of 4698 and 2262.
174
What is the greatest common divisor of 88 and 115148?
44
Calculate the highest common factor of 260880 and 30.
30
Calculate the greatest common factor of 2226 and 29694.
42
What is the highest common factor of 323 and 89471?
323
What is the highest common divisor of 380 and 16460?
20
What is the greatest common divisor of 6344 and 65754?
26
What is the highest common divisor of 4185 and 38955?
15
What is the greatest common divisor of 662 and 422687?
331
What is the greatest common divisor of 2160 and 104880?
240
What is the highest common factor of 20607 and 6?
3
What is the highest common factor of 9029534 and 422?
422
Calculate the greatest common factor of 50 and 2235.
5
What is the greatest common factor of 2784 and 631272?
696
Calculate the greatest common divisor of 17800 and 393380.
1780
What is the highest common factor of 171 and 2683332?
171
What is the highest common divisor of 338955 and 2065?
295
Calculate the greatest common factor of 271915 and 56.
7
What is the greatest common divisor of 189 and 406836?
27
Calculate the highest common factor of 102378 and 6191.
151
What is the highest common divisor of 15 and 22415?
5
Calculate the highest common factor of 794 and 8507313.
397
What is the highest common factor of 70952 and 490?
98
What is the greatest common factor of 96 and 171776?
32
Calculate the highest common divisor of 673588 and 190.
38
Calculate the highest common divisor of 7008 and 5548.
292
What is the greatest common divisor of 260585 and 65?
65
Calculate the greatest common factor of 79203 and 1377.
51
Calculate the greatest common divisor of 273756 and 2.
2
What is the highest common factor of 46254 and 858?
78
Calculate the highest common divisor of 154102 and 52.
26
What is the highest common factor of 81267 and 9270?
309
Calculate the highest common divisor of 34744 and 430.
86
What is the greatest common factor of 72 and 7668?
36
What is the highest common divisor of 1743 and 11004?
21
What is the highest common factor of 108 and 9891?
9
Calculate the greatest common factor of 43947 and 1881.
171
Calculate the greatest common factor of 224430 and 15.
15
What is the greatest common divisor of 192 and 3408256?
64
What is the highest common factor of 48 and 413562?
6
What is the highest common divisor of 32 and 3228?
4
Calculate the highest common factor of 1017 and 216734.
113
What is the greatest common factor of 1131266 and 118?
118
What is the greatest common factor of 10476 and 43844?
388
Calculate the greatest common divisor of 99 and 748.
11
Calculate the greatest common factor of 5251 and 472.
59
What is the highest common divisor of 397242 and 522?
522
Calculate the greatest common factor of 50 and 24125.
25
Calculate the highest common divisor of 432 and 592656.
48
What is the greatest common factor of 1675702 and 21?
7
What is the highest common divisor of 324 and 21348?
36
Calculate the highest common factor of 16 and 3298.
2
Calculate the greatest common factor of 540 and 1663020.
180
What is the greatest common factor of 51 and 237201?
51
What is the greatest common factor of 8200 and 3800?
200
What is the greatest common factor of 38350 and 208?
26
What is the greatest common divisor of 9329 and 3928?
491
What is the greatest common factor of 22 and 870650?
22
Calculate the greatest common factor of 75 and 545820.
15
Calculate the highest common divisor of 927 and 3501.
9
What is the greatest common factor of 180 and 32805?
45
What is the greatest common factor of 6825 and 115725?
75
Calculate the highest common divisor of 2949 and 51.
3
Calculate the highest common divisor of 5746892 and 114.
38
What is the greatest common divisor of 726696 and 648?
72
What is the highest common divisor of 24 and 19644?
12
Calculate the highest common factor of 27948 and 612.
204
What is the highest common factor of 43256 and 392?
8
Calculate the greatest common divisor of 29805 and 1140.
15
What is the greatest common divisor of 4354 and 28?
14
Calculate the greatest common factor of 238769 and 113.
113
What is the greatest common divisor of 3334525 and 100?
25
Calculate the greatest common factor of 3195 and 4123467.
639
What is the greatest common divisor of 1044 and 88334?
58
What is the highest common divisor of 3206 and 3878?
14
Calculate the greatest common factor of 116698 and 61503.
1577
What is the greatest common factor of 231 and 8162?
77
What is the greatest common factor of 455146 and 178?
178
What is the highest common factor of 57078 and 2943?
27
What is the greatest common divisor of 220 and 6556?
44
Calculate the highest common f